 Let i be u(7). Let q = i + -19. List the prime factors of q.
2, 3
Suppose 0 = -m + 4*y - 8*y + 12, 4*m + 3*y - 74 = 0. Let z be 0/2*1 + m. Suppose -4*h - z = -4*x + h, -20 = -4*x - 3*h. List the prime factors of x.
5
Let o be (-116)/8 - (-1)/(-2). Let h be (-9)/(-4) + o/(-20). Suppose -h*c + 35 = 2. What are the prime factors of c?
11
List the prime factors of 2/(-1)*(-47 - -2).
2, 3, 5
Let x(p) = 2*p**2 + 2*p - 8. Let d be x(3). Let c be (-1 + 1 - 0)/2. Suppose -3*o + 31 - 3 = 4*r, 3*r + o - d = c. What are the prime factors of r?
2
Let q = 0 + 6. Let j(k) = k + 4. Let c be j(-8). What are the prime factors of c/q + (-120)/(-18)?
2, 3
Let c(o) = o**3 + 7*o**2 - o - 2. Let j be c(-7). Suppose -5*t - 32 = j*h - 87, 2*h - 16 = -4*t. List the prime factors of h.
2, 7
Let w(b) = 135*b + 4. What are the prime factors of w(2)?
2, 137
Let h(q) = q**3 - 7*q**2 + 4. Suppose -2*f + 3*t + 3 = 4, 3*f + 4*t - 41 = 0. What are the prime factors of h(f)?
2
Let u(g) = -g**3 + 9*g**2 + g - 8. Let w be u(9). Suppose -2*j + w + 21 = 0. List the prime factors of j.
11
Suppose -4*k = 16, -242 = b - 3*b - 2*k. List the prime factors of b.
5
Let s = -16 + 25. Let f = 6 + s. Suppose 0 = -0*y - 3*y + f. List the prime factors of y.
5
What are the prime factors of 14/7 - 4*-11?
2, 23
Let i(q) = -q - 7. Let a be i(-6). What are the prime factors of (-3)/6*20/a?
2, 5
Let p be (-2 - (-3 + -44)) + -1. List the prime factors of 8/(-20) + p/10.
2
Let q(x) = 3*x - 16. Let i be (-2)/8 - (-58)/8. List the prime factors of q(i).
5
Let j = -6 + 13. Let b = j - -4. What are the prime factors of b?
11
Let p = 13 - -2. List the prime factors of p.
3, 5
Suppose 2*a - 5*g + 38 = 0, 3*a - 16 = 4*a - 4*g. Let u = a - -29. List the prime factors of u.
5
Suppose -m - 51 = -4*m. Suppose 5*n = -4*u + m, n - 4*n - 4*u + 7 = 0. What are the prime factors of n?
5
Suppose b + 4*i + i - 42 = 0, 3*b + i - 112 = 0. What are the prime factors of b?
37
Let u(l) = -l**3 + 3*l**2 - 2*l + 8. List the prime factors of u(3).
2
Suppose 4*i + 9 = 3*r, -i = 3*r + i - 9. Suppose -r + 28 = 5*v. Suppose 0 = 4*f - v*h - 35, 0*f + 5*h - 70 = -3*f. What are the prime factors of f?
3, 5
Suppose -3 = -3*l - 4*s + 22, -4*l - 2*s + 20 = 0. Let u = l - -5. List the prime factors of u.
2
Let m(w) = w + 13. List the prime factors of m(-10).
3
Let x = 126 + -89. List the prime factors of x.
37
Suppose -l + 28 + 6 = 0. What are the prime factors of l?
2, 17
Suppose -2*y + 10 = 2. Suppose -4*i + 56 = 2*t - 0*t, 0 = y*i. What are the prime factors of t?
2, 7
Suppose -2*p = -0*p - 6. What are the prime factors of p?
3
Let p(a) = -7*a - 1. What are the prime factors of p(-3)?
2, 5
List the prime factors of (-118)/3*3/(-2).
59
Let a(m) = m**2 + 7*m - 6. Let l be a(-8). Suppose -2*r + 8 = 0, l*d + 17 = -d + 2*r. Let i = 0 - d. What are the prime factors of i?
3
Let j = 30 + -25. List the prime factors of j.
5
Suppose 3 = s + 5, -4*s + 68 = 2*h. List the prime factors of h.
2, 19
Let v(y) = 5*y. Suppose 2*m - 7*m + 5*k = 5, -4*m - 4*k = -20. What are the prime factors of v(m)?
2, 5
Suppose -2*i + 5 = -j, -2*j + j - 4 = -i. Let c = -3 - -5. What are the prime factors of i/(c/(25 - -1))?
13
Suppose 2*m + 4*u = -20, m = 2*m + 5*u + 22. Let k be (-5)/2 + 1/2. List the prime factors of (-1 - -2) + m/k.
2
What are the prime factors of (2 - -1)/((-6)/(-270))?
3, 5
Suppose -4*b + 2 = -f, 3*f + 5*b = f + 9. Suppose 0 = -h - f*o + 7, 4*o - 31 + 3 = -4*h. What are the prime factors of h?
7
Let u = -12 - -18. What are the prime factors of 4/(-1 + 10/u)?
2, 3
Let f = 113 + -71. What are the prime factors of f?
2, 3, 7
Let p = 0 + -13. Let v = p - -22. List the prime factors of 20/(-6)*v/(-2).
3, 5
Suppose -63 = -4*b + 37. Suppose -5*y = -b - 0. Suppose 4 = d + y*q, 3*d - 12 + 0 = 5*q. What are the prime factors of d?
2
Let t(y) = -1 + 3 + y - 3*y + 0. What are the prime factors of t(-6)?
2, 7
Let u = -5 - -8. Suppose 0 = -2*x + 5 + u. Suppose -j + i + 18 = 4*j, x*j - 12 = 2*i. What are the prime factors of j?
2
Suppose 3*a = -a + 32. Suppose -a = -3*w + 6*w - 4*y, -4*w = -4*y + 8. Suppose w = -7*c + 3*c + 40. What are the prime factors of c?
2, 5
Suppose 0 = -3*t - 0*t + 27. Suppose -m + t = 2*m. What are the prime factors of (-52)/(-6) + 1/m?
3
Suppose 0 = w - 2 - 0. Let p(n) = 4*n**3 - 3*n**2 + 2*n - 1. What are the prime factors of p(w)?
23
Let a be 22*(7/2 + -1). Let v = -37 + a. Let d = 38 - v. List the prime factors of d.
2, 5
Let l(o) = 4*o**2 - 11*o + 5. Let x(g) = 3*g**2 - 12*g + 6. Let k(w) = 2*l(w) - 3*x(w). List the prime factors of k(6).
2, 5
Let l be 2/3 + (-78)/9. Let a be ((-1)/2 + 2)*l. List the prime factors of (-183)/a - 2/8.
3, 5
Suppose 3*d - d = 8, -d = 2*p - 66. What are the prime factors of p?
31
Suppose 48 = 2*b - 0. List the prime factors of b.
2, 3
Suppose 5*o = -40 + 240. Let t = o - -5. Let j = 63 - t. What are the prime factors of j?
2, 3
Suppose 0 = d + 4*d + 2*f - 301, 5*d - 5*f - 280 = 0. What are the prime factors of d?
59
Let i(x) = x**2 - 1. Let c be i(-1). Let k be 1 - (-6 + 0) - c. Let r = k + 1. What are the prime factors of r?
2
Let l = 13 - 8. Suppose -d + 2*q = 5, 2*d - 5*d + l*q - 11 = 0. Suppose -k + d*k = 24. What are the prime factors of k?
2, 3
Let v(n) = -n - 15. Let i be v(-11). What are the prime factors of (-3)/i*(25 + -1)?
2, 3
Suppose 0 = -3*v - 3*k + 24, 3*k - k = 2*v. Suppose 5*f - z + 4 = 24, 16 = v*f - 5*z. Let x = 13 - f. What are the prime factors of x?
3
Let f = -18 + 75. Suppose 0*u + f = 3*u. List the prime factors of u.
19
Let t(p) = 5*p**3 + 5*p**2 - 7*p. Let f(y) = -y**3 + y**2 - y. Suppose 1 = l - 0. Let s(x) = l*t(x) + 4*f(x). List the prime factors of s(-10).
2, 5
Let t be (1 + -2)*-4*6. Let k be -2 + 0 - t/(-4). Let w(d) = d**3 - 3*d**2 - 2*d. List the prime factors of w(k).
2
Suppose -4*g + 3*j + 8 = 0, -j + 8 = 4*g - 0*j. Suppose 0 + 42 = g*m. List the prime factors of m.
3, 7
Let o = -10 + 12. Suppose -6*b - 3*m + 72 = -3*b, -o*b - 4*m + 50 = 0. What are the prime factors of b?
23
Let p = -407 - -585. What are the prime factors of p?
2, 89
Let t(k) = -k**2 + 14*k - 9. Let n be t(10). Suppose -3*h = -12, -5*h - 2 = -2*s - 14. Suppose s*i = 25 + n. What are the prime factors of i?
2, 7
Suppose -3 - 3 = -2*s. Suppose -5*q = -3*l + 1, -s*q + 0*q = -3. What are the prime factors of l?
2
Let b = 25 - 18. Suppose i - 4*o - 1 = 0, 5*o - 3 - b = 0. What are the prime factors of 6/((-6)/3) + i?
2, 3
Let u(a) = 2*a**2 + 5*a - 4. What are the prime factors of u(4)?
2, 3
Let m be (0 + -5)*(-2 + -2). Suppose 5*i - 45 = -5*n, -3*i + 0*n + m = -4*n. Let y(x) = x**2 - 7*x + 1. List the prime factors of y(i).
3
Suppose 2*r = -2*g - g + 22, -g = 2*r - 14. Suppose 0 = -r*v + 79 + 76. List the prime factors of v.
31
What are the prime factors of 264/10 + (16/(-10))/4?
2, 13
Suppose 2*p = 8, -13 = -4*j + 5*p - 41. Let w be (-3)/(-3) + (j - -2). Let o = w - -8. What are the prime factors of o?
3
Let h(n) = -n**2 - 3*n + 3. Suppose 3*d - 17 = -4*y, 4*y + 1 + 3 = 4*d. Suppose y*v = 5*v + 9. What are the prime factors of h(v)?
3
Suppose 0 = -u - 0*u + 12. List the prime factors of ((-27)/6)/((-9)/u).
2, 3
List the prime factors of 2 + -2 - -2 - (-131 + -4).
137
Let r be (-2)/(-7) + 84/49. What are the prime factors of (4/(-8))/(r/(-80))?
2, 5
Suppose 4*a + 4 = 2*a. What are the prime factors of 414/13 + a/(-13)?
2
Let m = -154 + 169. List the prime factors of m.
3, 5
Let k(b) = -4*b + 2*b**3 - 4*b**2 + 7*b + 8*b**2 - b**3. Let w be k(-2). Suppose 0 = 4*n + 8, w*n - 6 = -2*p + n. What are the prime factors of p?
2
List the prime factors of (174/(-18))/(1/(-6)).
2, 29
Let a = 7 + -2. Suppose 0 = -2*y - 1 + a. Suppose 2*f + 3*f + 4 = w, 3*w - 12 = y*f. List the prime factors of w.
2
Let t(b) = -8*b + 5. List the prime factors of t(-11).
3, 31
Let a be (-3 - 3)/3 - 6. Let w be a + 5 + 22/2. Let k(d) = d**3 - 8*d**2 + 7. List the prime factors of k(w).
7
List the prime factors of 6/((105/(-400))/(-7)).
2, 5
Suppose j + 4*j - 5 = 5*y, 0 = -3*y - 2*j - 3. What are the prime factors of (-3)/((y - 0)*1)?
3
Let s = 123 - 67. What are the prime factors of s?
2, 7
Let s = -16 + 28. Let m = -9 + s. What are the prime factors of m?
3
What are the prime factors of 88 + (-5)/(20/8)?
2, 43
Let p = 53 + -38.